 Calculate the remainder when 40 - -15 - (-12)/3 is divided by y.
11
Let b = -38 - -44. Suppose 0 = -5*t, 4*n - b*n - t = -68. Calculate the remainder when 65 is divided by n.
31
Suppose -243 = -3*s - 0*s + 4*r, 0 = -5*r. Let v = s + -47. Let j(g) = -g**3 - 2*g**2 + 5*g + 6. Calculate the remainder when v is divided by j(-4).
16
Suppose -15 = 3*d, y - 5*y + 19 = d. What is the remainder when 79 is divided by (-1*y/10)/(2/(-70))?
16
Let d(q) = -q**2 - 5*q + 3. Suppose 5*a - 2*a + 2*z - 16 = 0, 22 = 5*a + z. Suppose -a*r = -10 - 18. Calculate the remainder when r is divided by d(-5).
1
Suppose -19*h + 292 = -12. Calculate the remainder when 45 is divided by h.
13
Let k(s) = -s + 28. Calculate the remainder when 211 is divided by k(-8).
31
Suppose -3*w + 0*w + 138 = 0. Let y(c) be the first derivative of 4*c**3/3 + 8*c**2 - 4*c + 29. What is the remainder when w is divided by y(-5)?
14
Let g = -88 - -21. Let b = -12 - g. What is the remainder when b is divided by 14?
13
Let c be (-4*(-2)/24)/(1/6). What is the remainder when 89 is divided by (c - 27 - -2)*-1?
20
Let g(x) = -32*x - 142. What is the remainder when g(-12) is divided by 49?
46
Let p(v) = -v**3 + 13*v**2 + 11. Let l be p(13). Let s = 41 - l. Let i = -24 + s. What is the remainder when 33 is divided by i?
3
Let t = 28 - -1. Let v(g) = -g + 23. Let q(m) = m**3 + 3*m**2 - 5*m - 2. Let a be q(-3). Calculate the remainder when t is divided by v(a).
9
Let o(n) = n**3 - n + 16. What is the remainder when 621 is divided by o(3)?
21
Suppose -2*z + 3*o = -67, 0 = 4*z - 0*z - 4*o - 124. Let p(t) = 9*t + 392. What is the remainder when p(-35) is divided by z?
25
Let a(c) be the first derivative of -9*c**4/2 - c**3/3 + c**2/2 + c - 92. Let x = 2 + -3. Calculate the remainder when 65 is divided by a(x).
14
What is the remainder when 53 + (-2 - (-12)/4) + 3 is divided by 5?
2
Suppose 57*q - 1475 = 32*q. What is the remainder when 465 is divided by q?
52
Suppose -3361 = -4*f + 5*a + 415, 4*a = -3*f + 2863. Calculate the remainder when f is divided by 56.
53
Let c = -96 + 145. Suppose 6*y + c = 259. Calculate the remainder when y is divided by 9.
8
Let c(k) = -k**3 + 2*k**2 + 6*k - 5. Let r be c(4). Let n = 27 + r. Let d = -11 + n. What is the remainder when 8 is divided by d?
2
Suppose 5*d = -4*z + 11519, -3*d - z - 11514 = -8*d. Calculate the remainder when d is divided by 8.
7
Let v = 62 - 54. Suppose -5*q + 4*q = -v. What is the remainder when q is divided by 4?
0
Suppose 607 = 21*r - 191. Suppose -2*m = 4*z - m - 86, -3*m = 5*z - 111. Calculate the remainder when r is divided by z.
17
Suppose -15 = -46*h + 41*h. Suppose -6*g + 23 = f - 2*g, -4*f + 50 = 2*g. What is the remainder when f is divided by h?
2
Let w be ((2 - (3 - 3)) + -1)*5. Suppose -4*p + 2*k + 77 = k, w*k = p - 5. Calculate the remainder when p is divided by 12.
8
Suppose 0 = -6*v - 746 + 260. Let t = -18 - v. Calculate the remainder when t + 4 + -6 + 1 is divided by 21.
20
Let t(i) = i**3 - 4*i**2 + 2*i. Let l = 54 - 37. Suppose 2*u - l = -3*v + 23, -4*u + 90 = v. What is the remainder when u is divided by t(4)?
7
Let y = 6 - 3. Suppose g + 2*g - 26 = a, 0 = y*a - 3. What is the remainder when (6 - 0)*2*2 is divided by g?
6
Suppose 7*d - 6*d - 14 = 0. Calculate the remainder when 45 is divided by d.
3
Let g(k) = 17*k**2 + 36*k + 12. Calculate the remainder when g(-8) is divided by 51.
47
Suppose -4*h + 119 = 3*c, -55*c - 4*h = -56*c + 13. Let z(t) = -3*t. Calculate the remainder when c is divided by z(-3).
6
Suppose -1055 = 17*j - 3724. Suppose 183 = 2*v + j. Calculate the remainder when 22 is divided by v.
9
Let j = 13 - -7. Calculate the remainder when (2/3)/(12/8658*13) is divided by j.
17
Suppose -3630 = -86*m + 64*m. Calculate the remainder when m is divided by 43.
36
Suppose 473*n = 480*n - 483. What is the remainder when 75 is divided by n?
6
Suppose 2*n + 40 + 46 = -g, -4*g = -2*n - 76. Let z = -32 - n. Calculate the remainder when 37 is divided by z.
7
Let u(s) = 32*s + 306. What is the remainder when 125 is divided by u(-9)?
17
Suppose 0 = -4*o - 4*d + 156, -o + 11 = 4*d - 31. What is the remainder when 3728/o + (-16)/152 is divided by 20?
18
Suppose 22 = 8*m - 7*m. Let l = 55 - m. Calculate the remainder when l is divided by (9 - -1) + 4 + -2.
9
Let s(z) = 2*z**2 - 36*z + 162. What is the remainder when 350 is divided by s(5)?
30
Suppose -m + 80 = m. Suppose -2*g - m = -2*r, 4*r - 44 - 28 = 2*g. Suppose u - 2*u = 5*t - 312, 4*t + 3*u = 243. Calculate the remainder when t is divided by r.
15
Let d = 46 + -57. Let x(a) = -a**3 - 11*a**2 - 2*a - 14. Calculate the remainder when 31 is divided by x(d).
7
Suppose -5*m + 4*c + 675 = 0, 6*m + 2*c = m + 645. Suppose 5*w - 4*f - 323 = 0, -2*w + f = -0*f - m. What is the remainder when w is divided by 14?
11
Let y be ((-136)/(-6))/((-1)/(-3)). Suppose a + 19 = y. What is the remainder when a is divided by 17?
15
Suppose -5*f + 2*c = -0*c - 55, 5*f + 2*c = 55. Suppose -2*b + 4*b - 10 = 0. What is the remainder when f is divided by b?
1
Let a(z) = -4*z**3 + 61*z**2 + 23*z - 16. Calculate the remainder when a(15) is divided by 62.
58
Let s = 0 - -12. What is the remainder when (-97)/(3 - 1 - 3) is divided by 175/(-28)*s/(-3)?
22
Let p = 16 - 6. Suppose -r - 5*r + 30 = 0. Suppose 175 = p*q - r*q. What is the remainder when 172 is divided by q?
32
Suppose -6*t = -t - 965. Let n = t - 99. Calculate the remainder when n is divided by 24.
22
Let n = -1146 + 1317. Calculate the remainder when n is divided by 24.
3
Let u(y) = -3 - 35*y - 5*y - 4 + 3. What is the remainder when 143 is divided by u(-1)?
35
Suppose 2*q - 33 = o, -6 + 19 = q + 3*o. What is the remainder when 30 is divided by q?
14
Suppose 2*q - 86 + 501 = t, 5*t - 4*q - 2045 = 0. Calculate the remainder when t is divided by 32.
21
Suppose 66*l - 1421 = -35. Calculate the remainder when 122 is divided by l.
17
Suppose -6*i - 99 = 3*i. What is the remainder when 109 is divided by (0 - 28/(-3))/(i/(-33))?
25
Let u = 2151 + -2051. What is the remainder when 173 is divided by u?
73
Suppose 208*z - 10 = 206*z. Let h = 24 + z. What is the remainder when 98 is divided by h?
11
Let i = 704 + -674. Calculate the remainder when i is divided by 24.
6
Let a(w) = w**3 + 3*w**2 - 3*w. Let t be a(3). Suppose -t = 2*g - 7*g. Let r = 621 + -587. What is the remainder when r is divided by g?
7
Suppose -41*l + 750 = 9*l. Calculate the remainder when 763 is divided by l.
13
Let r = -1 + 3. Suppose 82 = 2*f + r*l, f + 4*l - 41 = 6. What is the remainder when f is divided by 14?
11
What is the remainder when (-24)/(-84) - (-7635)/7 is divided by 91?
90
Let s(f) = -f**2 - 9*f - 3. Let b = 11 + -15. What is the remainder when s(b) is divided by 24/(-36) - 289/(-51)?
2
Let w = 85 - 130. Let b = -32 - w. Calculate the remainder when (-3)/((-24)/206) - 12/16 is divided by b.
12
Suppose 0 = -5*z - 5*t + 309 + 526, -5*t + 167 = z. Let w = z - 127. What is the remainder when w is divided by 9?
4
Suppose 12*i - 384 + 216 = 0. Let p = -2 + 8. Calculate the remainder when i is divided by p.
2
Suppose 35 + 161 = 14*k. Calculate the remainder when 5/(-1)*(-82)/5 is divided by k.
12
Suppose 4*m + 8 = 0, -3*m - 62 = 3*x + 733. Let l be 2/4*624/(-2). Let k = l - x. Calculate the remainder when k is divided by 27.
26
Let a = 268 + -173. Let i = a + -68. Calculate the remainder when 52 is divided by i.
25
Calculate the remainder when (1 - 5) + 50 + -7 is divided by 24.
15
Let z = 66 + -77. Let h(m) = -14*m - 27. Calculate the remainder when h(z) is divided by 32.
31
Suppose d = -4*d. Suppose d = 5*l - q - 70, 4*l - 52 - 4 = q. Let h(s) = -s**3 + 6*s**2 + 6*s + 3. What is the remainder when h(6) is divided by l?
11
Let u(b) = -b**2 + 6*b - 1. Let f be u(4). What is the remainder when (f - 16/4) + 46 is divided by 25?
24
Let j be (-2)/(((-12)/(-2))/3). Let q(h) = -12*h - 1. Let c be q(j). What is the remainder when 25 is divided by c - (-6 - 12/(-4))?
11
Let a be (4/6)/(2/249). Let k = -59 + a. Calculate the remainder when k is divided by 9.
6
Let h = -27 - -62. What is the remainder when 169 is divided by h?
29
Let f(v) = v - 3. Let s be f(5). Let m = 57 + -12. Calculate the remainder when m is divided by (-5)/((-15)/s)*24.
13
Let o(j) = -j - 1. Let m be o(-4). Sup